83?
False
Is 46 a factor of 157377?
False
Does 584 divide 2049865?
False
Is 221928 a multiple of 20?
False
Is 20 a factor of 406860?
True
Does 17 divide 100045?
True
Is 28 a factor of 1469832?
True
Is 1801131 a multiple of 365?
False
Is 17 a factor of 53261?
True
Is 148 a factor of 204321?
False
Is 71 a factor of 3210484?
False
Is 15673 a multiple of 360?
False
Is 204 a factor of 2662596?
False
Is 5590928 a multiple of 112?
True
Does 298 divide 1159318?
False
Is 259171 a multiple of 11?
True
Does 17 divide 276335?
True
Does 13 divide 1278315?
False
Does 6 divide 2351028?
True
Does 4 divide 158114?
False
Is 559243 a multiple of 147?
False
Is 95 a factor of 78512?
False
Is 12 a factor of 441090?
False
Is 21728 a multiple of 12?
False
Is 322 a factor of 3599960?
True
Does 53 divide 659042?
False
Is 896943 a multiple of 172?
False
Does 310 divide 1707480?
True
Is 47133 a multiple of 93?
False
Does 18 divide 105224?
False
Is 73 a factor of 3036070?
True
Is 29 a factor of 100920?
True
Does 13 divide 3790568?
False
Does 78 divide 2760448?
False
Is 290 a factor of 2280850?
True
Does 7 divide 291697?
True
Does 13 divide 1953249?
False
Is 4 a factor of 109389?
False
Is 668384 a multiple of 105?
False
Is 7297056 a multiple of 144?
True
Is 1319332 a multiple of 13?
False
Is 123 a factor of 2026038?
False
Does 22 divide 99814?
True
Is 255 a factor of 3269767?
False
Is 125970 a multiple of 78?
True
Is 60038 a multiple of 37?
False
Is 174 a factor of 1798928?
False
Is 18 a factor of 6834680?
False
Is 52312 a multiple of 26?
True
Is 480 a factor of 572640?
True
Is 68 a factor of 18496?
True
Is 49 a factor of 165375?
True
Is 291 a factor of 143147?
False
Is 55 a factor of 288916?
False
Does 662 divide 190656?
True
Is 899 a factor of 1413735?
False
Is 34 a factor of 42058?
True
Does 237 divide 59487?
True
Does 11 divide 2606117?
False
Does 10 divide 933940?
True
Is 37 a factor of 175713?
True
Is 200 a factor of 196784?
False
Does 252 divide 47628?
True
Does 95 divide 14820?
True
Does 103 divide 3911187?
False
Is 16 a factor of 261952?
True
Does 5 divide 408020?
True
Is 1741174 a multiple of 34?
True
Is 4494111 a multiple of 701?
True
Does 782 divide 21920242?
True
Does 57 divide 33573?
True
Does 46 divide 4712332?
True
Is 49 a factor of 505876?
True
Is 159 a factor of 236115?
True
Is 16 a factor of 975285?
False
Is 43 a factor of 132139?
True
Is 40524 a multiple of 33?
True
Does 173 divide 120927?
True
Is 4 a factor of 19860?
True
Does 2136 divide 2790121?
False
Is 12663750 a multiple of 66?
True
Does 155 divide 137640?
True
Is 43 a factor of 7228194?
False
Is 6436 a multiple of 36?
False
Does 35 divide 4213930?
True
Is 4 a factor of 1037556?
True
Is 6 a factor of 10487?
False
Does 449 divide 1383369?
True
Is 2483388 a multiple of 9?
True
Is 21351 a multiple of 33?
True
Is 119033 a multiple of 182?
False
Does 141 divide 19458?
True
Is 153 a factor of 2028437?
False
Is 535456 a multiple of 183?
False
Does 469 divide 574275?
False
Is 211 a factor of 45998?
True
Is 12 a factor of 53412?
True
Is 75 a factor of 108132?
False
Does 20 divide 266535?
False
Is 547 a factor of 4944880?
True
Does 274 divide 864292?
False
Is 1384038 a multiple of 17?
True
Is 573333 a multiple of 16?
False
Is 16 a factor of 13385424?
True
Is 5583465 a multiple of 701?
True
Does 32 divide 22336?
True
Does 264 divide 848496?
True
Is 2337390 a multiple of 54?
True
Does 861 divide 8319234?
False
Is 2 a factor of 4700?
True
Is 13317 a multiple of 193?
True
Is 3048 a multiple of 18?
False
Does 17 divide 4090445?
False
Is 249288 a multiple of 39?
True
Is 2095618 a multiple of 120?
False
Does 51 divide 66708?
True
Does 54 divide 7462840?
False
Is 1648127 a multiple of 398?
False
Is 53 a factor of 148665?
True
Is 153838 a multiple of 14?
False
Does 476 divide 784448?
True
Does 491 divide 184100?
False
Is 2608566 a multiple of 17?
False
Is 5027220 a multiple of 20?
True
Does 52 divide 287560?
True
Does 10 divide 65750?
True
Is 34 a factor of 6949472?
False
Does 569 divide 765305?
True
Is 19 a factor of 255170?
True
Does 136 divide 1143624?
True
Is 527233 a multiple of 763?
True
Is 48 a factor of 1121407?
False
Does 104 divide 470808?
True
Does 1281 divide 4251639?
True
Is 7986736 a multiple of 68?
True
Does 308 divide 187795?
False
Is 21 a factor of 3434997?
False
Does 154 divide 49126?
True
Is 56 a factor of 76886?
False
Is 154 a factor of 108416?
True
Does 148 divide 41743?
False
Is 459151 a multiple of 89?
True
Is 344370 a multiple of 32?
False
Is 71 a factor of 351981?
False
Is 366941 a multiple of 10?
False
Is 226806 a multiple of 45?
False
Is 25 a factor of 6902625?
True
Does 29 divide 16104164?
True
Does 261 divide 170694?
True
Does 6 divide 164313?
False
Is 444 a factor of 2471434?
False
Does 60 divide 141960?
True
Is 381414 a multiple of 33?
True
Is 5271521 a multiple of 33?
False
Is 116398 a multiple of 7?
False
Is 30 a factor of 2541880?
False
Does 278 divide 4139420?
True
Does 109 divide 14265605?
False
Is 67 a factor of 197910?
False
Does 15 divide 66300?
True
Is 121639 a multiple of 7?
True
Is 33 a factor of 1767282?
True
Does 40 divide 725250?
False
Does 34 divide 605200?
True
Does 11 divide 11110?
True
Is 13 a factor of 117904?
False
Is 764 a factor of 606616?
True
Is 2791696 a multiple of 8?
True
Does 38 divide 1164997?
False
Is 2284509 a multiple of 36?
False
Is 7109868 a multiple of 1847?
False
Is 5968853 a multiple of 59?
True
Is 3144091 a multiple of 44?
False
Is 436149 a multiple of 9?
True
Is 259254 a multiple of 365?
False
Does 34 divide 10605042?
True
Is 50006 a multiple of 22?
True
Is 10 a factor of 1114309?
False
Is 8 a factor of 4488?
True
Is 1264444 a multiple of 5?
False
Is 368910 a multiple of 268?
False
Is 187 a factor of 667029?
True
Does 99 divide 1281044?
False
Is 66 a factor of 35040?
False
Does 244 divide 441396?
True
Does 27 divide 248913?
True
Is 4609506 a multiple of 81?
False
Does 1239 divide 8669114?
False
Is 7845404 a multiple of 9?
False
Is 42942 a multiple of 658?
False
Is 753 a factor of 589345?
False
Does 288 divide 8398719?
False
Is 66058 a multiple of 324?
False
Is 11401092 a multiple of 36?
True
Is 1903150 a multiple of 279?
False
Is 78 a factor of 2596059?
False
Is 1526957 a multiple of 105?
False
Does 10 divide 482950?
True
Is 203 a factor of 373179?
False
Is 378932 a multiple of 300?
False
Does 48 divide 9487780?
False
Is 1974645 a multiple of 27?
True
Is 20 a factor of 3686100?
True
Is 2779498 a multiple of 913?
False
Is 32 a factor of 6184797?
False
Does 90 divide 1356210?
True
Is 286872 a multiple of 349?
False
Is 260 a factor of 5130755?
False
Is 712 a factor of 5629563?
False
Is 5527134 a multiple of 86?
True
Is 408529 a multiple of 10?
False
Is 677238 a multiple of 34?
False
Is 9 a factor of 80495?
False
Is 118 a factor of 761586?
False
Does 14 divide 417886?
True
Is 2629312 a multiple of 112?
True
Is 957631 a multiple of 21?
False
Is 3695877 a multiple of 791?
False
Does 73 divide 120769?
False
Is 229750 a multiple of 31?
False
Does 330 divide 236610?
True
Is 2199054 a multiple of 242?
True
Is 1316 a factor of 6323380?
True
Does 15 divide 1786275?
True
Is 250 a factor of 653252?
False
Does 7 divide 123821?
False
Does 281 divide 1374371?
True
Is 106 a factor of 250584?
True
Is 427503 a multiple of 177?
False
Is 13 a factor of 5801627?
True
Is 361 a factor of 27107490?
True
Does 27 divide 690336?
True
Is 306711 a multiple of 119?
False
Is 11 a factor of 194073?
True
Is 1507543 a multiple of 17?
True
Is 6 a factor of 1299569?
False
Does 665 divide 373065?
True
Does 264 divide 26664?
True
Is 1038 a factor of 16986761?
False
Does 4 divide 124636?
True
Is 783 a factor of 2050156?
False
Is 1387370 a multiple of 712?
False
Is 11 a factor of 6017297?
True
Is 163111 a multiple of 13?
True
Does 132 divide 3575903?
False
Is 23 a factor of 322985?
False
Is 831550 a multiple of 18?
False
Does 190 divide 520209?
False
Is 31 a factor of 329654?
True
Is 77649 a multiple of 38?
False
Is 9 a factor of 2606193?
True
Does 9 divide 766206?
True
Is 108 a factor of 425543?
False
Is 31 a factor of 171869?
False
Is 137 a factor of 632740?
False
Does 19 divide 1016230?
False
Is 347 a factor of 466739?
False
Is 11021498 a multiple of 26?
False
Is 4 a factor of 114